{"id":48,"date":"2014-04-22T11:37:04","date_gmt":"2014-04-22T09:37:04","guid":{"rendered":"http:\/\/xn--mooshusl-4za.com\/wordpress\/?page_id=48"},"modified":"2022-08-29T19:19:25","modified_gmt":"2022-08-29T17:19:25","slug":"aufenthaltsraum","status":"publish","type":"page","link":"http:\/\/xn--mooshusl-4za.com\/wordpress\/aufenthaltsraum\/","title":{"rendered":"Aufenthaltsraum"},"content":{"rendered":"<h3><strong>Das ist unser Aufenthaltsraum<\/strong><\/h3>\n<p>Hier stehen unseren G\u00e4sten eine Sitzecke,\u00a0 K\u00fcchenzeile, Kaffeeautomat, Mikro, Sp\u00fclmaschine, und ein Getr\u00e4nkek\u00fchlschrank\u00a0 zur Verf\u00fcgung.<\/p>\n<h4>Alle G\u00e4ste k\u00f6nnen sich dort treffen!<\/h4>\n<p><a href=\"http:\/\/xn--mooshusl-4za.com\/wordpress\/wp-content\/uploads\/2014\/04\/45t4z6.jpg\"><img decoding=\"async\" loading=\"lazy\" class=\"aligncenter size-full wp-image-498\" src=\"http:\/\/xn--mooshusl-4za.com\/wordpress\/wp-content\/uploads\/2014\/04\/45t4z6.jpg\" alt=\"45t4z6\" width=\"800\" height=\"600\" srcset=\"http:\/\/xn--mooshusl-4za.com\/wordpress\/wp-content\/uploads\/2014\/04\/45t4z6.jpg 800w, http:\/\/xn--mooshusl-4za.com\/wordpress\/wp-content\/uploads\/2014\/04\/45t4z6-300x225.jpg 300w\" sizes=\"(max-width: 800px) 100vw, 800px\" \/><\/a><\/p>\n","protected":false},"excerpt":{"rendered":"<p>Das ist unser Aufenthaltsraum Hier stehen unseren G\u00e4sten eine Sitzecke,\u00a0 K\u00fcchenzeile, Kaffeeautomat, Mikro, Sp\u00fclmaschine, und ein Getr\u00e4nkek\u00fchlschrank\u00a0 zur Verf\u00fcgung. Alle G\u00e4ste k\u00f6nnen sich dort treffen!<\/p>\n","protected":false},"author":1,"featured_media":0,"parent":0,"menu_order":0,"comment_status":"closed","ping_status":"open","template":"","meta":{"ngg_post_thumbnail":0},"_links":{"self":[{"href":"http:\/\/xn--mooshusl-4za.com\/wordpress\/wp-json\/wp\/v2\/pages\/48"}],"collection":[{"href":"http:\/\/xn--mooshusl-4za.com\/wordpress\/wp-json\/wp\/v2\/pages"}],"about":[{"href":"http:\/\/xn--mooshusl-4za.com\/wordpress\/wp-json\/wp\/v2\/types\/page"}],"author":[{"embeddable":true,"href":"http:\/\/xn--mooshusl-4za.com\/wordpress\/wp-json\/wp\/v2\/users\/1"}],"replies":[{"embeddable":true,"href":"http:\/\/xn--mooshusl-4za.com\/wordpress\/wp-json\/wp\/v2\/comments?post=48"}],"version-history":[{"count":5,"href":"http:\/\/xn--mooshusl-4za.com\/wordpress\/wp-json\/wp\/v2\/pages\/48\/revisions"}],"predecessor-version":[{"id":873,"href":"http:\/\/xn--mooshusl-4za.com\/wordpress\/wp-json\/wp\/v2\/pages\/48\/revisions\/873"}],"wp:attachment":[{"href":"http:\/\/xn--mooshusl-4za.com\/wordpress\/wp-json\/wp\/v2\/media?parent=48"}],"curies":[{"name":"wp","href":"https:\/\/api.w.org\/{rel}","templated":true}]}}