{"id":362,"date":"2014-09-15T19:12:23","date_gmt":"2014-09-15T17:12:23","guid":{"rendered":"http:\/\/xn--mooshusl-4za.com\/wordpress\/?page_id=362"},"modified":"2025-07-27T11:26:25","modified_gmt":"2025-07-27T09:26:25","slug":"preise-2","status":"publish","type":"page","link":"http:\/\/xn--mooshusl-4za.com\/wordpress\/preise-2\/","title":{"rendered":"Preise"},"content":{"rendered":"<p>Genauere Informationen und die M\u00f6glichkeit zu buchen finden sie auf der Seite der jeweiligen Ferienwohnung.<\/p>\n<h6>Die Preiserh\u00f6hung zur Wintersaison liegt ausschlie\u00dflich an den h\u00f6heren Heizkosten!<\/h6>\n<p>Die Preise sind zuz\u00fcglich der gemeindlichen Kurtaxe: aktuelle Informationen unter<br \/><a href=\"http:\/\/www.reitimwinkl.de\/sommerurlaub\/kurbeitrag-reit-im-winkl\" target=\"_blank\" rel=\"noopener noreferrer\"><span style=\"text-decoration: underline;\"><span style=\"color: #0066cc;\">www.reitimwinkl.de\/sommerurlaub\/kurbeitrag-reit-im-winkl<\/span><\/span><\/a><\/p>\n<p>vom 16.12. -31.03.\u00a0 2,70\u20ac\u00a0\u00a0(\u00a07 bis 17 Jahre 1,20\u20ac)<br \/>vom 01.04. &#8211; 31.05. und 16.10. &#8211; 15.12. \u00a0 \u00a01,40\u20ac\u00a0 \u00a0(7 bis 17 Jahre 0,90\u20ac)<br \/>vom 01.06. &#8211; 15.10\u00a0 2,50\u20ac\u00a0\u00a0 (7 bis 17 Jahre\u00a0 1,00\u20ac)<\/p>\n<p><strong>Alle weiteren Nebenkosten wie Endreinigung, Handt\u00fccher, Bettw\u00e4sche sind inklusive.<\/strong><\/p>\n<p><a href=\"http:\/\/moosh\u00e4usl.com\/wordpress\/weitblick\/\"><strong>Ferienwohnung Weitblick<\/strong><\/a><\/p>\n<p>Die Ferienwohnung Weitblick befindet sich im 2. Stock und ist ein Appartement mit K\u00fcchenzeile, Eckbank, Fernseher, Bad und WC.<\/p>\n<p>Der Balkon befindet sich in Richtung Berge.<\/p>\n<p>Gr\u00f6\u00dfe: 28 qm, ausgelegt f\u00fcr 2 Personen.\u00a0<\/p>\n<p>vom 1.05. bis 30.09.:\u00a0 65 \u20ac pro Wohnungseinheit pro Tag<br \/>vom 1.10. bis 30.04.:\u00a0 70 \u20ac pro Wohnungseinheit pro Tag<\/p>\n<p>Mindestaufenthaltsdauer:\u00a0 5 Tage<\/p>\n<p><a href=\"http:\/\/moosh\u00e4usl.com\/wordpress\/zimmer-bergblick\/\"><strong>Ferienwohnung Bergblick<\/strong><\/a><\/p>\n<p>Die Ferienwohnung Bergblick befindet sich im 1. Stock.<\/p>\n<p>Gr\u00f6\u00dfe 48 qm, ausgelegt f\u00fcr 2 Personen und ein Kind.<\/p>\n<p>Kinder unter 2 Jahren zahlen keinen Aufpreis.<\/p>\n<p>Ab 2 Jahre zahlen Kinder 10<span style=\"font-size: inherit;\">\u00a0Euro Aufpreis.<\/span><\/p>\n<p>\u00a0<\/p>\n<p>Bei mehreren Kindern kann das Zusatzzimmer dazu gebucht werden.<\/p>\n<p>Ein Babybett kann jederzeit dazugestellt werden.<\/p>\n<p>vom 1.05. bis 30.09.:\u00a0 85 \u20ac pro Wohnungseinheit pro Tag<\/p>\n<p>vom 1.10. bis 30.04.:\u00a0 90 \u20ac pro Wohnungseinheit pro Tag<\/p>\n<p>Mindestaufenthaltsdauer: 5 Tage<\/p>\n<p><strong><a href=\"http:\/\/moosh\u00e4usl.com\/wordpress\/zimmer-sonnenseite\/\">Ferienwohnung Apfelbaum<\/a><\/strong><\/p>\n<p>Gr\u00f6\u00dfe 48 qm, ausgelegt f\u00fcr 2 Personen und ein Kind<\/p>\n<p>F\u00fcr Kinder unter\u00a0 2 Jahren keinen Aufpreis.\u00a0\u00a0<br \/>Ab 2 Jahren zahlen Kinder 10 Euro Aufpreis.<\/p>\n<p>vom 1.05. bis 30.09.:\u00a0 85 \u20ac pro Wohnungseinheit pro Tag<\/p>\n<p>vom 1.10. bis 30.04.:\u00a0 90 \u20ac pro Wohnungseinheit pro Tag<\/p>\n<p>Mindestaufenthaltsdauer:\u00a05 Tage<\/p>\n<p><a href=\"http:\/\/moosh\u00e4usl.com\/wordpress\/zusatzzimmer\/\"><strong>Zusatzzimmer<\/strong><\/a><\/p>\n<p>Preise auf Anfrage<\/p>\n<p>\u00a0<\/p>\n<p><strong>Selbstverst\u00e4ndlich WLAN<\/strong><\/p>\n<h5><strong>Stornierbar bis <\/strong>14 Tage vor Anreise <em>kostenlos.<\/em><br \/>Danach berechnen wir den Gesamtpreis.<\/h5>\n<h5><strong>Hunde k\u00f6nnen bei uns leider nicht \u00fcbernachten.<\/strong><\/h5>\n<p>\u00a0<\/p>\n<h4 data-tadv-p=\"keep\">\u00a0<\/h4>\n\n\n<pre class=\"wp-block-code\"><code><\/code><\/pre>\n","protected":false},"excerpt":{"rendered":"<p>Genauere Informationen und die M\u00f6glichkeit zu buchen finden sie auf der Seite der jeweiligen Ferienwohnung. Die Preiserh\u00f6hung zur Wintersaison liegt ausschlie\u00dflich an den h\u00f6heren Heizkosten! Die Preise sind zuz\u00fcglich der gemeindlichen Kurtaxe: aktuelle Informationen unterwww.reitimwinkl.de\/sommerurlaub\/kurbeitrag-reit-im-winkl vom 16.12. -31.03.\u00a0 2,70\u20ac\u00a0\u00a0(\u00a07 bis 17 Jahre 1,20\u20ac)vom 01.04. &#8211; 31.05. und 16.10. &#8211; 15.12. \u00a0 \u00a01,40\u20ac\u00a0 \u00a0(7 bis 17 &hellip; <a href=\"http:\/\/xn--mooshusl-4za.com\/wordpress\/preise-2\/\" class=\"more-link\"><span class=\"screen-reader-text\">Preise<\/span> weiterlesen <span class=\"meta-nav\">&rarr;<\/span><\/a><\/p>\n","protected":false},"author":1,"featured_media":0,"parent":0,"menu_order":0,"comment_status":"closed","ping_status":"open","template":"","meta":{"ngg_post_thumbnail":0},"_links":{"self":[{"href":"http:\/\/xn--mooshusl-4za.com\/wordpress\/wp-json\/wp\/v2\/pages\/362"}],"collection":[{"href":"http:\/\/xn--mooshusl-4za.com\/wordpress\/wp-json\/wp\/v2\/pages"}],"about":[{"href":"http:\/\/xn--mooshusl-4za.com\/wordpress\/wp-json\/wp\/v2\/types\/page"}],"author":[{"embeddable":true,"href":"http:\/\/xn--mooshusl-4za.com\/wordpress\/wp-json\/wp\/v2\/users\/1"}],"replies":[{"embeddable":true,"href":"http:\/\/xn--mooshusl-4za.com\/wordpress\/wp-json\/wp\/v2\/comments?post=362"}],"version-history":[{"count":62,"href":"http:\/\/xn--mooshusl-4za.com\/wordpress\/wp-json\/wp\/v2\/pages\/362\/revisions"}],"predecessor-version":[{"id":1146,"href":"http:\/\/xn--mooshusl-4za.com\/wordpress\/wp-json\/wp\/v2\/pages\/362\/revisions\/1146"}],"wp:attachment":[{"href":"http:\/\/xn--mooshusl-4za.com\/wordpress\/wp-json\/wp\/v2\/media?parent=362"}],"curies":[{"name":"wp","href":"https:\/\/api.w.org\/{rel}","templated":true}]}}

<p>Genauere Informationen und die Möglichkeit zu buchen finden sie auf der Seite der jeweiligen Ferienwohnung.</p>
<h6>Die Preiserhöhung zur Wintersaison liegt ausschließlich an den höheren Heizkosten!</h6>
<p>Die Preise sind zuzüglich der gemeindlichen Kurtaxe: aktuelle Informationen unter<br /><a href="http://www.reitimwinkl.de/sommerurlaub/kurbeitrag-reit-im-winkl" target="_blank" rel="noopener noreferrer"><span style="text-decoration: underline;"><span style="color: #0066cc;">www.reitimwinkl.de/sommerurlaub/kurbeitrag-reit-im-winkl</span></span></a></p>
<p>vom 16.12. -31.03.  2,70€  ( 7 bis 17 Jahre 1,20€)<br />vom 01.04. &#8211; 31.05. und 16.10. &#8211; 15.12.    1,40€   (7 bis 17 Jahre 0,90€)<br />vom 01.06. &#8211; 15.10  2,50€   (7 bis 17 Jahre  1,00€)</p>
<p><strong>Alle weiteren Nebenkosten wie Endreinigung, Handtücher, Bettwäsche sind inklusive.</strong></p>
<p><a href="http://mooshäusl.com/wordpress/weitblick/"><strong>Ferienwohnung Weitblick</strong></a></p>
<p>Die Ferienwohnung Weitblick befindet sich im 2. Stock und ist ein Appartement mit Küchenzeile, Eckbank, Fernseher, Bad und WC.</p>
<p>Der Balkon befindet sich in Richtung Berge.</p>
<p>Größe: 28 qm, ausgelegt für 2 Personen. </p>
<p>vom 1.05. bis 30.09.:  65 € pro Wohnungseinheit pro Tag<br />vom 1.10. bis 30.04.:  70 € pro Wohnungseinheit pro Tag</p>
<p>Mindestaufenthaltsdauer:  5 Tage</p>
<p><a href="http://mooshäusl.com/wordpress/zimmer-bergblick/"><strong>Ferienwohnung Bergblick</strong></a></p>
<p>Die Ferienwohnung Bergblick befindet sich im 1. Stock.</p>
<p>Größe 48 qm, ausgelegt für 2 Personen und ein Kind.</p>
<p>Kinder unter 2 Jahren zahlen keinen Aufpreis.</p>
<p>Ab 2 Jahre zahlen Kinder 10<span style="font-size: inherit;"> Euro Aufpreis.</span></p>
<p> </p>
<p>Bei mehreren Kindern kann das Zusatzzimmer dazu gebucht werden.</p>
<p>Ein Babybett kann jederzeit dazugestellt werden.</p>
<p>vom 1.05. bis 30.09.:  85 € pro Wohnungseinheit pro Tag</p>
<p>vom 1.10. bis 30.04.:  90 € pro Wohnungseinheit pro Tag</p>
<p>Mindestaufenthaltsdauer: 5 Tage</p>
<p><strong><a href="http://mooshäusl.com/wordpress/zimmer-sonnenseite/">Ferienwohnung Apfelbaum</a></strong></p>
<p>Größe 48 qm, ausgelegt für 2 Personen und ein Kind</p>
<p>Für Kinder unter  2 Jahren keinen Aufpreis.  <br />Ab 2 Jahren zahlen Kinder 10 Euro Aufpreis.</p>
<p>vom 1.05. bis 30.09.:  85 € pro Wohnungseinheit pro Tag</p>
<p>vom 1.10. bis 30.04.:  90 € pro Wohnungseinheit pro Tag</p>
<p>Mindestaufenthaltsdauer: 5 Tage</p>
<p><a href="http://mooshäusl.com/wordpress/zusatzzimmer/"><strong>Zusatzzimmer</strong></a></p>
<p>Preise auf Anfrage</p>
<p> </p>
<p><strong>Selbstverständlich WLAN</strong></p>
<h5><strong>Stornierbar bis </strong>14 Tage vor Anreise <em>kostenlos.</em><br />Danach berechnen wir den Gesamtpreis.</h5>
<h5><strong>Hunde können bei uns leider nicht übernachten.</strong></h5>
<p> </p>
<h4 data-tadv-p="keep"> </h4>


<pre class="wp-block-code"><code></code></pre>

<p>Genauere Informationen und die Möglichkeit zu buchen finden sie auf der Seite der jeweiligen Ferienwohnung. Die Preiserhöhung zur Wintersaison liegt ausschließlich an den höheren Heizkosten! Die Preise sind zuzüglich der gemeindlichen Kurtaxe: aktuelle Informationen unterwww.reitimwinkl.de/sommerurlaub/kurbeitrag-reit-im-winkl vom 16.12. -31.03.  2,70€  ( 7 bis 17 Jahre 1,20€)vom 01.04. &#8211; 31.05. und 16.10. &#8211; 15.12.    1,40€   (7 bis 17 &hellip; <a href="http://xn--mooshusl-4za.com/wordpress/preise-2/" class="more-link"><span class="screen-reader-text">Preise</span> weiterlesen <span class="meta-nav">&rarr;</span></a></p>
